5/(-10). Let u(g) be the third derivative of g**6/60 - g**5/20 - 140*g**2. Calculate u(o).
4
Let a be 3 - (-3 + 0) - -1. Let i(q) = 5*q + 8 - q**2 + 0 + 0 + 0 + 2. What is i(a)?
-4
Let x(m) = -m - 1. Let p be x(-5). Suppose 3*y = p*y - 1. Let w(h) = -6*h**2 + 2*h - 1. What is w(y)?
-5
Let p(b) be the second derivative of 7*b**3/6 - 2*b**2 - 7*b + 2. Give p(-2).
-18
Let a(z) = -17*z - 5. Let c(v) = 12*v + 4. Let s(l) = -2*a(l) - 3*c(l). Determine s(-4).
6
Let t(u) be the third derivative of u**6/120 - u**5/15 - u**4/24 + 5*u**3/6 - 3*u**2 + 7*u. What is t(3)?
-7
Let a(f) = 7*f + 1. Let c(m) = 12*m + 4. Let z(h) = 7*a(h) - 4*c(h). Let l(d) = -2*d + 3. Let r be l(-4). Give z(r).
2
Let n = -64 - -118. Suppose 50*r - n*r = -12. Let w(d) = 2*d**2 + 1. What is w(r)?
19
Suppose 0 = -r + 2*r + 4. Let x(m) = m**3 + m**2 - m - 1. Let g(a) = -7*a**3 - 10*a**2 + 7*a + 4. Let o(b) = -g(b) - 6*x(b). Give o(r).
6
Let w(r) = 4*r - 13*r + 15 + 10*r. Let y be w(-19). Let a(f) be the first derivative of f**4/4 + 4*f**3/3 - f**2 - 2*f + 1. Determine a(y).
6
Let d(y) = -6*y**2 + y + 2 - 3 + 2 - y**3 + 0. Suppose 4*h + 2 = 4*q + 26, -q - 3 = 2*h. Let z(i) = -6*i**2 - i + 1. Let l be z(h). What is d(l)?
-5
Let q(f) = f**3 - f**2. Let b be q(0). Suppose -2*i = -5*g + 10 - 4, 2*i + 6 = 4*g. Let m = b + i. Let w(o) = -o**2 - o - 1. Give w(m).
-7
Let m(t) = -t**2 - 1 + 12*t**2 - 3*t - 326*t**3 - 4 + 325*t**3 + 2. Determine m(11).
-36
Let x(u) = 4*u - 4. Suppose 127*j - 125*j - 8 = 0. What is x(j)?
12
Suppose -5*t + 21 = 2*y, -4*y - 7 = 2*t - 25. Let j(b) = -71*b + 1 + 64*b + t - 3. Let n(r) = r**2 - 6*r + 6. Let w be n(5). Determine j(w).
-6
Let r(m) be the second derivative of -m**4/6 - m**3/2 + 3*m**2 + 274*m. Calculate r(-3).
-3
Let k(c) = 7*c**3 - c**2 - 4*c - 4. Let f(t) = -2 - 3 - 5*t + 1 + 8*t**3 - 2*t**2. Suppose 2*h = -16 + 4. Let o(x) = h*f(x) + 7*k(x). Give o(-3).
8
Suppose -2*l = -0*l + 2. Suppose p = 3*v - 1, 8*v = 2*p + 4*v. Let i(n) = p - 2*n - 2 + 0. Determine i(l).
2
Let w = -635 + 634. Let k(v) = -28*v**3 + v + 1. Calculate k(w).
28
Let j(d) be the second derivative of 10*d**3/3 - 95*d**2/2 - 22*d - 10. Calculate j(5).
5
Let a(r) = r**3 + 3*r**2 - 5*r - 7. Let p be a(-4). Let d(v) = -3*v**2 - 4*v. Let z(t) = 6*t**2 + 9*t. Let m(f) = p*z(f) - 7*d(f). Calculate m(1).
4
Let l(m) = -m**3 + 3*m + 2. Let k = 63 + -58. Let u(o) = -o**2 + 23. Let f be u(k). Determine l(f).
4
Suppose -4*c + 21 = h, 2*h = 1 + 1. Let v(p) = 5*p. Give v(c).
25
Suppose 90 - 14 = 19*z. Let v(u) be the third derivative of 0 + 1/12*u**z + 0*u + 1/6*u**3 - u**2 - 1/120*u**6 + 1/60*u**5. Give v(-2).
9
Let n(t) be the first derivative of t**7/840 - t**6/180 - t**5/60 - t**4/12 - 2*t**3/3 - 45. Let u(v) be the third derivative of n(v). What is u(3)?
1
Let d(m) = 2 + 0 - 2 + 2 + 6*m**2 - 4. Suppose 7 = 2*i + c, 3*i - 2 = 3*c - 5. Calculate d(i).
22
Suppose 24 = 4*v - 12. Let o(i) = 2*i**2 - 18*i + 2. Let a be o(v). Let f(z) = -5 + 3*z - z**2 + 3 - 1. Determine f(a).
-1
Let z(h) = h**3 + 2*h**2 - 2*h - 1. Let s be z(-1). Let d(x) = -1 + 3*x + 11*x**s - 2*x**2 - 8*x**2. Determine d(-2).
-3
Let f(c) = 2*c + 1. Let n(t) = t - 12. Suppose -3*w + 60 = w. Let d be n(w). Let x be 2/(-6) - 11/d. What is f(x)?
-7
Suppose -11*v + 8*v - 9 = 0. Let g = 1 + v. Let t(b) = b + 2. Let k(p) = 1. Let c(l) = g*k(l) - t(l). Give c(-6).
2
Suppose -2 = 2*n - 3*n. Suppose -n*k + 5 = -k. Let w(f) = -29666*f**2 - 4*f + 29672*f**2 + 0 - f**3 - 6. Calculate w(k).
-1
Let y(r) = -r + 12. Let w(k) = k - 9. Let c(x) = 4*w(x) + 3*y(x). Determine c(-2).
-2
Let y(t) = -t**3 - 10*t**2 - 17*t - 12. Let u be y(-8). Let a(w) = -6*w**2 - 5*w - 4. Give a(u).
-80
Let r(h) = -2*h**2 - 10. Let l(t) = 5*t**2 + t + 21. Let g(m) = -3*l(m) - 7*r(m). Let u be 104/(-20) + (-2)/(-10). What is g(u)?
-3
Suppose 10 = 5*d + 2*r, -2*r = d + d + 2. Let v(a) = 9*a - 3. Let q(j) = 16*j - 6. Let y(x) = -4*q(x) + 7*v(x). Calculate y(d).
-1
Let c be (-135)/(-15) - 88/8. Let a(t) = 6*t + 4. Determine a(c).
-8
Suppose 7*h + 5*h = 6*h. Let g(m) = -m - 4. What is g(h)?
-4
Let b(q) = -q**3 - 4*q**2 - 6*q - 6. Let h(z) = z**2 - z - 114. Let v be h(11). Calculate b(v).
18
Let z(f) = -2*f**2 - 48*f + 21. Let w be z(-22). Let n = 109 - w. Let o(s) = -s - 11. Give o(n).
-11
Let g(v) = -2*v + 2. Suppose -5*a = -2*b + 2, 0*b - 4*a = 2*b - 20. Suppose 0 = b*y - y + 2*j + 102, y - 3*j = -17. Let k = -16 - y. Determine g(k).
-6
Let v(o) = o**3 + 7*o**2 + 2*o - 5. Let q be v(-7). Let j = 36 + q. Let f(g) = g + 2 + j - 11. What is f(6)?
14
Suppose 5*k - 4*k + 4 = 0. Let h(t) = t**3 + 5*t**2 + 4*t - 7. Calculate h(k).
-7
Let k(g) = 1 + 4*g + 2*g - g**2 + 1. Suppose -166 = -34*p + 38. Determine k(p).
2
Let h(i) = -2*i + 13. Let x(l) = l - 5. Let y(j) = -3*h(j) - 7*x(j). Give y(0).
-4
Suppose 6*c - 6 = 3*c. Let l(t) be the second derivative of t**5/20 - t**4/12 + t**3/3 - 3*t**2/2 + 11*t - 3. Give l(c).
5
Let a be 1/(13/676*-4). Let m(k) = k**3 + 13*k**2 + 2*k - 11. What is m(a)?
-37
Let a be 24/(-32)*(-8)/3. Let r(n) = n**3 + 3 - 4 + 4*n**a + 5*n - n. Let j(m) = -m**2 + 2*m - 3. Let o be j(2). Calculate r(o).
-4
Suppose 1248 = 72*d + 24. Let x(b) = -b**2 + 17*b - 3. Determine x(d).
-3
Let f(x) = 119 + x - 129 - 15. Give f(25).
0
Let d be -5*(1 - (-2)/(-1)). Suppose 5*h - y - 4*y = d, 4*h = -2*y + 16. Let j(f) = f + 4 - 5*f - f**h - 2*f + 7*f**2. Give j(6).
4
Let s(z) = -z + 2. Let p(h) = h**2 - 9*h - 6. Let l be p(0). Give s(l).
8
Let c(k) be the third derivative of -k**8/6720 + k**7/2520 + k**6/720 + k**5/30 + 7*k**4/4 - 10*k**2. Let d(w) be the second derivative of c(w). Calculate d(0).
4
Let t(m) = -13*m + 2. Let x(g) = 9*g - 1. Let a(z) = 5*t(z) + 7*x(z). Let c be (0 - 3)*4/(-6). Determine a(c).
-1
Suppose -l - 3*m + 6 = 0, l - 4*l - 3*m = -12. Let a = 6 - l. Let t be 2/(-6) - (-4)/a. Let b(i) = -16*i**2. Give b(t).
-16
Let v(b) be the second derivative of -b**3/2 - 8*b**2 - 246*b. Give v(-11).
17
Let h(l) = -l + 1. Let o(m) = m**3 - 6*m**2. Let q be o(6). Let w(u) = u**2 + u + 1. Let b be w(q). Calculate h(b).
0
Let w(n) = -n**3 + 4*n**2 - n. Suppose -6*z - 3*z + 36 = 0. Calculate w(z).
-4
Let a(k) = -3*k. Let l = -50 + 52. What is a(l)?
-6
Let d(g) = 0 - g - 2 + 2. Let p be ((-434)/(-155))/((-4)/10). Determine d(p).
7
Let i(o) = o**3 - o**2 - 6*o + 2. Let b(q) = -q**2 - 2*q + 1. Let u(c) = -4*b(c) + i(c). What is u(-3)?
-8
Let j be ((-132)/594)/(4/(-54)). Let b(k) = -5*k + 5. Calculate b(j).
-10
Let z be (-5 - -12)*8/14 - 1. Let l(x) = x**3 + 6*x**2 + x + 7. Let c be l(-6). Let q(b) = 0 + b + z + c. Determine q(-5).
-1
Let s(o) = -o**2 + 3*o - 2. Let k be (-8)/(-16) - 83/(-2). Let t be (-3)/15 - k/(-10). Suppose 4 = 4*v - 4*f, 0 = 5*v + t*f - 3*f - 11. Determine s(v).
0
Let y(t) = -3*t - 4. Let n(l) = -9*l - 10. Let q(s) = -3*n(s) + 7*y(s). Calculate q(1).
8
Suppose -53*l = -50*l - 6. Let j(o) be the second derivative of -o**4/12 + o**3/3 - o**2 + 2*o. Calculate j(l).
-2
Let r(t) be the first derivative of -t**2 + t + 9. Suppose 27 = 9*o + 54. Determine r(o).
7
Let o be (-2 - 14/(-9))*(-2007)/(-446). Let m(h) = -h**3 - 3*h**2 + 1. Determine m(o).
-3
Suppose 3*p + 4*a - 26 = 0, 4*p + 2*a - 16 = 2. Let b(w) = -p - 2 - 3*w + w + 3. What is b(-2)?
3
Let i(r) = -40*r**3 + 121*r**3 - 37*r**3 + 1 + r**2 + r - 37*r**3. Give i(-1).
-6
Let a(b) = 56*b**2 - 82*b**2 + 25*b**2 + 6*b - 4. Calculate a(6).
-4
Let z = -56 + 58. Suppose -z*n + 5*i + 11 = 0, 3*i + 3 + 18 = 3*n. Let g(u) = -u**2 + 7*u + 8. What is g(n)?
0
Let l(x) = -2*x**2 - 19*x - 21. Let k(v) = v**2 + 9*v + 9. Let n(a) = -7*k(a) - 3*l(a). Give n(-5).
5
Suppose 0 = v - 5*v + 4. Let f(b) = -b + 1. Let o(n) = -n. Let x(m) = f(m) - 2*o(m). Let r(q) = -6*q - 3. Let u(w) = -r(w) - 4*x(w). Give u(v).
1
Suppose 0 = -0*x + x + 1. Let l(t) = -6*t + 4. Let y(b) = -6*b + 5. Let d(m) = 6*l(m) - 5*y(m). Let a(q) = -q. Let r(f) = x*d(f) + 5*a(f). What is r(2)?
3
Let q(o) be the second derivative of 2*o**3/3 + 8*o**2 + 31*o + 3. What is q(-7)?
-12
Suppose 0 = o + 4*o - 60. Suppose 3*l = d - 3, -l = 4*d - 3*l - o. Let s(c) = 2*c + 2. Let p(h) = -h - 2. Let g(i) = -3*p(i) - 2*s(i). Give g(d).
-1
Let c(a) be the first derivative of a**3/3 + 11*a**2/2 - 5*a + 86. Calculate c(-9).
-23
Let o(s) = -2*s + 13*s**3 + 6*s + 2*s**2 - 3*